1541
What is the greatest common divisor of 4821583 and 143?
13
Calculate the greatest common factor of 2664 and 12936828.
444
Calculate the highest common factor of 20493 and 984423.
759
What is the highest common factor of 455 and 254191?
7
Calculate the greatest common factor of 32620 and 93865.
5
Calculate the greatest common divisor of 9128925 and 2275.
325
Calculate the highest common factor of 7016 and 70232.
8
Calculate the greatest common divisor of 23 and 90925049.
23
What is the greatest common divisor of 1137473 and 58496?
457
What is the greatest common divisor of 421330 and 56?
14
What is the greatest common factor of 95 and 557553195?
95
Calculate the greatest common factor of 453924 and 21009396.
5604
Calculate the highest common factor of 2102438 and 2288.
26
What is the highest common divisor of 97236420 and 1740?
1740
Calculate the highest common factor of 26215 and 270332825.
3745
What is the greatest common factor of 103584 and 83608?
8
What is the greatest common factor of 1061570 and 9130?
830
What is the greatest common divisor of 11628 and 219702339?
2907
What is the highest common factor of 969175100 and 635?
635
Calculate the highest common divisor of 2938 and 1423574.
226
Calculate the greatest common divisor of 72854271 and 7245.
1449
What is the highest common factor of 2160 and 53670?
30
What is the highest common divisor of 151233360 and 303?
303
Calculate the highest common divisor of 33507 and 8757737.
1241
What is the greatest common divisor of 15096 and 58774389?
1887
What is the greatest common factor of 59488 and 35452?
4
What is the highest common divisor of 908 and 709463984?
908
What is the highest common factor of 1608 and 46962?
6
What is the greatest common factor of 5157493101 and 18171?
18171
Calculate the greatest common divisor of 47433 and 190221.
489
What is the greatest common factor of 11940 and 938310?
30
What is the highest common factor of 3740 and 143791780?
3740
Calculate the highest common divisor of 385008888 and 8.
8
What is the greatest common divisor of 52180523 and 1328?
83
Calculate the greatest common divisor of 20658 and 637894.
626
What is the highest common divisor of 259760 and 1521840?
1360
Calculate the highest common divisor of 19545925 and 4880.
305
What is the greatest common divisor of 27939 and 170113?
67
Calculate the greatest common factor of 92982077 and 33783.
11261
What is the highest common factor of 24351196 and 16?
4
Calculate the highest common divisor of 277151 and 188923.
959
Calculate the highest common factor of 716 and 111908473.
179
Calculate the greatest common divisor of 632 and 85708364.
316
What is the highest common divisor of 8056 and 71629924?
4028
What is the highest common factor of 14 and 1029256501?
7
What is the highest common divisor of 15002 and 300142706?
1154
Calculate the highest common divisor of 1886 and 348746.
82
What is the highest common factor of 1240 and 2237088?
8
What is the highest common divisor of 10898128 and 1968?
656
What is the highest common divisor of 5523 and 11484249?
21
What is the highest common divisor of 3763 and 47783?
71
What is the highest common factor of 551362970 and 1203?
401
What is the highest common divisor of 15261 and 4659?
3
What is the greatest common divisor of 71223624 and 276?
12
Calculate the highest common factor of 14730 and 1606961985.
7365
What is the highest common divisor of 13625207 and 20401?
887
What is the greatest common factor of 19235 and 16715?
5
Calculate the greatest common factor of 63 and 8377341.
21
Calculate the greatest common divisor of 11532 and 29974551.
2883
Calculate the greatest common divisor of 49924112 and 412720.
7504
Calculate the greatest common factor of 1644 and 2935104.
12
What is the greatest common factor of 66968494 and 496?
62
What is the highest common factor of 297 and 18635309?
11
What is the highest common factor of 9261225 and 1575?
225
Calculate the highest common factor of 26 and 2719193.
1
Calculate the greatest common factor of 59639164 and 14508.
1612
Calculate the highest common divisor of 439271 and 20811.
7
What is the highest common divisor of 52 and 2875262?
26
What is the highest common factor of 6 and 7635039?
3
Calculate the highest common divisor of 339588446 and 155.
31
What is the highest common divisor of 318364668 and 261?
261
Calculate the highest common factor of 3192 and 28684376.
1064
What is the greatest common factor of 1925 and 42885150?
1925
What is the greatest common divisor of 67998810 and 2325?
465
What is the greatest common divisor of 86072 and 411068?
1484
What is the highest common divisor of 21 and 3802547?
7
What is the highest common factor of 1926926 and 32942?
362
Calculate the greatest common factor of 34310893 and 2914.
1457
Calculate the highest common divisor of 1250 and 30271625.
125
What is the greatest common divisor of 13341860 and 280?
140
What is the highest common factor of 46363572 and 2736?
684
What is the highest common factor of 6117321 and 37?
37
What is the highest common factor of 3687 and 5521897?
1229
What is the greatest common factor of 18135 and 1148085?
1395
What is the greatest common factor of 65819 and 19837?
83
What is the greatest common divisor of 987 and 499002?
21
Calculate the greatest common factor of 874 and 779342.
38
What is the highest common factor of 6432 and 387267906?
402
What is the greatest common divisor of 55071602 and 17?
17
What is the greatest common divisor of 43139139 and 11101?
653
What is the highest common factor of 1974 and 34824426?
42
Calculate the greatest common divisor of 225 and 509144400.
225
Calculate the highest common factor of 2574245 and 10.
5
Calculate the highest common divisor of 38267 and 1292.
17
Calculate the highest common factor of 162 and 23847162.
6
Calculate the highest common divisor of 55112235 and 165.
15
What is the greatest common factor of 109218006 and 1332?
666
What is the highest common factor of 13180150 and 805?
115
Calculate the greatest common factor of 1799 and 145733.
7
Calculate the highest common factor of 496266 and 107214.
642
What is the highest common divisor of 412680 and 171?
57
Calculate the greatest common divisor of 13993292 and 5428.
92
Calculate the highest common factor of 94304 and 46214.
14
Calculate the greatest common factor of 1618833 and 17169.
291
What is the greatest common divisor of 39628112 and 239?
239
Calculate the highest common factor of 2349 and 100774449.
2349
What is the highest common factor of 702 and 3410766?
18
What is the greatest common factor of 352 and 12375248?
16
What is the highest common divisor of 1363 and 2773517?
47
Calculate the greatest common divisor of 2016 and 45369984.
96
What is the highest common divisor of 4003450 and 19900?
50
What is the greatest common divisor of 8603725 and 13754?
299
Calculate the greatest common divisor of 5461 and 9737979.
127
Calculate the greatest common divisor of 2502760 and 23335.
65
What is the highest common divisor of 1113140 and 5404?
28
Calculate the greatest common factor of 618 and 13187914.
206
Calculate the greatest common divisor of 862118625 and 375.
375
Calculate the greatest common factor of 18447 and 742137.
1419
Calculate the highest common factor of 22455 and 672345.
45
Calculate the highest common factor of 38280 and 36168.
264
Calculate the highest common divisor of 3186 and 16279398.
1062
What is the highest common factor of 9 and 21515553?
9
Calculate the greatest common factor of 2160 and 1757200.
80
What is the greatest common divisor of 11847572 and 517632?
1348
Calculate the greatest common factor of 10034681 and 2307.
769
Calculate the highest common divisor of 1980 and 32515065.
495
What is the highest common divisor of 42844863 and 563?
563
Calculate the greatest common divisor of 492 and 45960918.
246
Calculate the greatest common factor of 2548 and 2785744.
52
Calculate the highest common divisor of 95856288 and 5504.
1376
What is the greatest common factor of 5567473 and 1360509?
9649
Calculate the highest common factor of 13496 and 221872.
56
Calculate the greatest common divisor of 3015 and 1226845710.
3015
Calculate the greatest common factor of 1156 and 18422594.
578
Calculate the highest common divi